t the prime factors of a.
2, 5
Let o(l) = l**3 + 5*l**2 - 7*l - 1. Let j be o(-6). Suppose -4*z + j*z = 21. List the prime factors of z.
3, 7
Suppose -3*w = 2*w + 4*b - 223, 3*w - 5*b - 156 = 0. Suppose 5*n + a - w = 5*a, 4*a - 8 = 0. List the prime factors of n.
11
Suppose 5*i + z = -0*i + 73, 0 = -3*i - z + 45. Let j = i - 21. Let f(x) = -x + 6. List the prime factors of f(j).
13
Let o(d) be the second derivative of 3*d**5/4 - d**4/12 + d**3/3 - d**2/2 + 2*d. List the prime factors of o(1).
3, 5
Let p = -4 + 7. Suppose 3*b + 2*b + 3*l = 2, 2*b - 5 = p*l. What are the prime factors of b/(3/((-18)/(-1)))?
2, 3
Suppose t - 201 = -2*t. What are the prime factors of t?
67
Suppose -4*j + 5*o = 13 - 95, 4*j = -5*o + 102. Suppose -3*w - 18 = 3*x, 2*w - 3*x = 2*x + j. Let g(f) = -9*f. List the prime factors of g(w).
3
Let l be (-21)/7 + 7 + -1. Suppose -b - 6*x + x = -25, -l*x - 31 = -4*b. List the prime factors of b.
2, 5
List the prime factors of (-3)/(-9) - (-844)/6.
3, 47
What are the prime factors of (-109)/(-3) + 32/48?
37
Suppose 3*z - 77 = -8. List the prime factors of z.
23
Let w(n) be the first derivative of 2/3*n**3 + 2*n**2 - 1 + 3*n. List the prime factors of w(-3).
3
Let x be (-2)/(-5)*(-5 + 10). Suppose 4*s = 10 + 6. Suppose b - x*a = 14, 0 = -3*b + s*a - 2*a + 30. What are the prime factors of b?
2
Let j(m) = m**3 - m**2 + m - 4. Let a be j(4). Suppose -u = -7*u + 24. Suppose 2*v = -v - u*c + 36, -a = -4*v + 3*c. List the prime factors of v.
2, 3
Suppose 6*f = -5*d + 3*f, 2*d = 3*f. Suppose -5*w + 0*w = d. Suppose -t + 2*t - 3 = w. What are the prime factors of t?
3
Suppose 653 = 4*d - 5*d + 4*g, 3150 = -5*d - 3*g. What are the prime factors of d/(-18) - 3/18?
5, 7
Let z(o) = o**2 + 2*o + 7. What are the prime factors of z(4)?
31
Suppose 3*y - 165 = -2*y. What are the prime factors of (y/(-4))/((-12)/32)?
2, 11
Let j(l) = l**3 + 4*l**2 - 5*l. Let y be j(-4). Suppose 0*z = 4*x + 3*z - y, 2*z = 4*x. Suppose x*q + m = 28, 6*q - q - 5*m = 40. List the prime factors of q.
2, 3
Suppose p + 2*p = 3*q - 9, -12 = -3*p - 4*q. Let b = 2 + p. Suppose -4*h - 4*x = -80, 5*h - 42 = b*h + 3*x. What are the prime factors of h?
17
Let t(f) = -2*f**3 - 3*f**2 - f - 2. Let w be 40/(-22) - 2/11. Let z be t(w). Suppose 0 = z*n - 34 - 6. List the prime factors of n.
2, 5
Let x = 7 - 7. Suppose x*o = o - 12. List the prime factors of o.
2, 3
What are the prime factors of 4/12 + 1594/6 + -2?
2, 3, 11
Let z(x) = -8*x**3 - 3*x**2 + 4*x + 4. List the prime factors of z(-3).
181
Suppose 0 = -2*s + 8 - 0. Suppose 3*m + 3 = 5*a, 3*m = 4*a - m + s. Suppose 5 = a*z - 1. What are the prime factors of z?
2
Suppose -7 - 23 = -5*g. Suppose -g*t + 5*t = -3. Suppose 3 = j - t. What are the prime factors of j?
2, 3
Let q(d) = -4*d + 2. Let u be q(2). Let a(l) = l**2 - 2*l - 6. List the prime factors of a(u).
2, 3, 7
Suppose 0*l - l + 1 = 2*t, 3*l + 11 = t. Let m = 11 + t. What are the prime factors of m?
13
What are the prime factors of (2/5)/((-8)/(-340))?
17
Suppose -2*j + 20 = 5*p + j, 2*p - 4*j - 34 = 0. Suppose -71 + p = 4*y. Let d = y - -27. List the prime factors of d.
11
List the prime factors of ((-108)/5)/((-6)/20).
2, 3
What are the prime factors of (-9 - 9/(-3))*(-170)/6?
2, 5, 17
Let p be 0/2*(-1 - 0). Suppose p*g - 2*g = -26. List the prime factors of g.
13
Let y = -1 + 1. Let l be (-4)/(y + (-1 - 0)). Let s(u) = 2*u**2 - 7*u + 5. What are the prime factors of s(l)?
3
Suppose 4*u - 168 = 2*u. What are the prime factors of u?
2, 3, 7
Suppose 0 = -9*j + 13*j - 1152. What are the prime factors of j?
2, 3
Let t = 13 + -9. Suppose 3*i + 6 = -t*r, -2*i + 2 = -3*r - 11. What are the prime factors of i?
2
Let s(z) = -z**2 - 7*z - 5. Let q be s(-5). Suppose -54 = 3*u - q*u. What are the prime factors of u?
3
Suppose -5*u - 3*m + 7 = 0, -2*u + 3*m = -0*m - 7. Let i(j) = j - 1. Let p(y) = y. Let d(q) = i(q) + 2*p(q). What are the prime factors of d(u)?
5
Suppose -5*m = -51 - 4. List the prime factors of m.
11
Let z(f) = 3*f**2 - 4*f + 2. Let j be z(3). Suppose -m - 3*v = -18, -5*m + j = v - 3. List the prime factors of m.
3
Let q be (-3)/(-12) - (-6)/8. Let k be (-3)/3*(q - 6). Suppose -2*j = -k*j + 15. What are the prime factors of j?
5
Suppose 4*f - 40 = -2*t, 0*f - 5*f - 130 = -5*t. Suppose t = 5*l - 11. List the prime factors of l.
7
Suppose -5*z - 11 = -1. Let x = -2 - z. Suppose x = h - 3*r - 24, r - 8 = -2*h + 19. List the prime factors of h.
3, 5
Suppose 4*d = 102 + 46. What are the prime factors of d?
37
Suppose 2 = 2*m - x, 3*m + 0*x - 2 = 2*x. Suppose -m*s = s - 21. What are the prime factors of s?
7
Let s(a) = a**2 - a + 2. Let q be s(0). Suppose 0*n - 7 = -q*n - 3*u, -2*u = 4*n - 26. Let g = -4 + n. List the prime factors of g.
2
Suppose -l - 29 = h, -51 = -5*l + h - 178. What are the prime factors of (-1)/(80/l - -3)?
13
Let d(z) = -3*z**3 - 3*z**2 + 6*z + 9. Let k(p) = 8*p**3 + 10*p**2 - 18*p - 26. Let n(t) = -11*d(t) - 4*k(t). What are the prime factors of n(6)?
5
Suppose -4*w = 3 - 15. Suppose 0 = 4*o - 2*t - 44, -w*o - 5*t = -2*o + 11. What are the prime factors of o?
3
Let a(y) = y - 9. Let x be a(11). Suppose 3*f - 5 = x*f. List the prime factors of f.
5
Let n(g) = -g**3 - 5*g**2 - 2*g - 6. Let r be n(-5). List the prime factors of (10/r)/((-1)/(-2)).
5
Suppose -80 = -5*z - 5*g, -z = -3*g + g - 4. What are the prime factors of z?
2, 3
Let l be 37 - -3*4/12. Let m = -9 + l. List the prime factors of m.
29
Let o(t) = 25*t**2 + 5*t + 4. Let z be o(-4). List the prime factors of (-2)/(-6) - z/(-36).
11
Suppose -k - 3*j = -9, 5*k - 4*k - 7 = -2*j. What are the prime factors of k?
3
Let g = 7 - 11. What are the prime factors of ((-4)/g)/((-2)/(-88))?
2, 11
Suppose -4*v - 28 = -3*y, y = 2*y. Let i = v - -3. What are the prime factors of -1 - (-1 - 0) - i?
2
Suppose k + 3*k - 52 = 0. Let r be (-16 + 12)*(-1)/4. What are the prime factors of k/r + -1 + -1?
11
Let i be (-2)/8 - (-1071)/28. Suppose 4*g - 44 = 5*x - 0*x, -3*g + 5*x = -i. Let l = 4 + g. List the prime factors of l.
2, 5
Suppose 124 = 3*l + l - 4*g, -191 = -5*l - 4*g. Let h = l + -19. What are the prime factors of h?
2
List the prime factors of (-280)/(-6)*(-18)/(-6).
2, 5, 7
Let v = 7 + -12. Let q = v + 15. What are the prime factors of q?
2, 5
Let o = 25 - 10. Let c = o - 11. Suppose c*z - 13 = -5*w, 5*w = 2*w + z + 18. List the prime factors of w.
5
Let c = 4 + 1. Suppose c*k = g + 13, -g + 7 = 4*k - 7. List the prime factors of k.
3
Suppose -96 = p - 3*p. Let w = -24 + p. Suppose -6*f + 3*f = -w. What are the prime factors of f?
2
Let g(o) = -2*o - o + 5 - 3*o - o**2. List the prime factors of g(-6).
5
Suppose 0 = 2*i - 5 + 1. Suppose -4*j - 47 = -f - 15, j = i*f - 8. Let w = -5 - j. What are the prime factors of w?
3
Suppose -20 = 4*g + g. Let y = g - -36. List the prime factors of y.
2
Suppose -p + 30 = 4. List the prime factors of p.
2, 13
Let f(h) be the third derivative of -h**6/120 + h**5/60 + h**4/24 + 19*h**3/6 - h**2. List the prime factors of f(0).
19
Suppose b = -2*n + 16, 15 = n + 4*n. Let f(s) = 0 - 2 - b*s - 8*s + 3. What are the prime factors of f(-1)?
19
Suppose 0 = 5*u - 2*u + 15. Let n be (1/(-3))/(u/60). List the prime factors of 13/2 - 2/n.
2, 3
Let b = 27 - -15. What are the prime factors of b?
2, 3, 7
Let v = -45 - -58. What are the prime factors of v?
13
Let c(q) be the third derivative of -q**5/60 - 13*q**4/24 - 7*q**3/3 + 3*q**2. Let w be c(-11). Suppose 4*z = -0*z + w. List the prime factors of z.
2
Suppose 2*x + 19 = 4*f + 3, -f = -3*x + 1. Suppose f*m - 2*z - 3*z = 70, 3*z = -m + 18. What are the prime factors of m?
3, 5
Let l(p) = 30 - 2*p + 25 + p - 23. List the prime factors of l(0).
2
Let n = -39 + 51. List the prime factors of n.
2, 3
Suppose 4*o - 6 = 14. What are the prime factors of (2 - o)/(3/(-31))?
31
Suppose -3*i - 67 = -184. List the prime factors of i.
3, 13
Suppose 0 = -3*c - c + 864. What are the prime factors of c?
2, 3
Let c(i) be the third derivative of -1/24*i**4 + 0*i + 0 + 3/2*i**3 - 1/60*i**5 - 3*i**2. What are the prime factors of c(0)?
3
Suppose 285 = 5*r + 2*s, -r + 17 + 62 = -4*s. Suppose h + h - 8 = 0. Suppose h*x + 11 = r. List the prime factors of x.
2, 3
Let p = -39 - -70. What are the prime factors of p?
31
Suppose -24 = -2*n - n.